 + 143. Calculate the greatest common factor of u and 20.
20
Suppose -4*a = -8*a + 8. Suppose 0*u - 30 = -a*g + 4*u, -39 = -5*g - 2*u. Calculate the highest common divisor of g and 1.
1
Let f = 393 - 240. Calculate the highest common divisor of f and 17.
17
Suppose 5*o = 3*g + 356, -6*o + 5*g = -5*o - 80. Let q(l) = -l**2 + 6*l + 2. Let w be q(5). What is the highest common factor of o and w?
7
Let p be -15*(7/(-3) + 2). Suppose -n - 30 = -75. What is the highest common factor of p and n?
5
Let q be 426/21 + 4/(-14). Let g be (1 - 0)/(1/8). Calculate the greatest common divisor of q and g.
4
Suppose 3*y = -0*y - d - 26, 4*d - 24 = 4*y. Let i be (y/20)/((-2)/60). What is the highest common factor of 18 and i?
6
Let y(r) = -r**3 + 5*r**2 + 3*r - 2. Let l be y(5). What is the highest common divisor of 65 and l?
13
Let b = 8 + -16. Let k(h) = -h**2 - 11*h - 11. Let j be k(b). Calculate the greatest common factor of j and 104.
13
Suppose -4*q - 3*y = y - 20, 0 = 2*q + 3*y - 5. Let j = 1 + 9. What is the greatest common factor of q and j?
10
Let x be (-2 - -4)/((-4)/42). Let j be (-342)/x + 8/(-28). Suppose b = -12 + 36. Calculate the highest common divisor of j and b.
8
Let v(d) = 5*d**2 + d - 1. Let n be v(1). Suppose 11 = 2*s - n. Calculate the greatest common factor of 8 and s.
8
Let s be (-32)/((-6)/(48/4)). What is the greatest common factor of 48 and s?
16
Suppose -4*u + 9 + 51 = 0. What is the greatest common factor of 10 and u?
5
Suppose -28 = 2*g - 4*g. Calculate the greatest common divisor of 7 and g.
7
Suppose 2*c + c - 16 = -4*p, 0 = 3*p - 2*c - 29. Let y(b) = 19 + 7 + b - p - b**2 + b**3. Let j be y(0). What is the greatest common factor of j and 38?
19
Let t be 1*(1 - -1) + -94. Let d = 24 + -65. Let u = d - t. What is the highest common factor of 17 and u?
17
Suppose -4*s = 2*p - 14, -4*s + 0*s - 3*p = -11. Suppose 3*r = s*r - 198. What is the highest common divisor of r and 9?
9
Let r(j) = -3*j - 22. Let i be r(-16). Let c = -8 + i. Calculate the highest common factor of c and 198.
18
Suppose 0*q + 2*v - 129 = -5*q, -q = -4*v - 39. Calculate the greatest common factor of q and 27.
27
Suppose -2*y - d + 71 = -101, 3*y + 2*d - 256 = 0. Let a(p) = p**2 - 6*p + 8. Let m be a(6). Calculate the highest common divisor of y and m.
8
Let o(p) = -6*p - 3. Let m be o(-2). Suppose m = -2*g - 7. Let a be (g/3)/(5/(-15)). What is the greatest common divisor of a and 56?
8
Let v(p) = p**2 + 3*p. Let u be v(-4). Suppose 0 = i + c - 4, -c = 4*i - u*c - 37. What is the greatest common factor of i and 14?
7
Suppose -6*r = -r - 140. What is the highest common factor of 42 and r?
14
Let u = 7 + 63. Calculate the highest common factor of u and 20.
10
Let w be 13 + ((-2)/3)/((-4)/(-6)). What is the highest common divisor of 16 and w?
4
Let x be 1/(-1) - (-24 + 8). Suppose -g - 4*g - x = 0, 3*d + 5*g - 3 = 0. Let i = -2 - -8. What is the greatest common divisor of i and d?
6
Let z(p) be the second derivative of p**4/12 - p**3/2 - p**2 - 2*p. Let w be z(2). Let x be 2*2*(-10)/w. Calculate the greatest common factor of 40 and x.
10
Suppose z - d - 55 = -11, -4*z + 2*d = -176. Calculate the highest common factor of 110 and z.
22
Suppose 327 = 3*c - 0*c + y, -4*y - 342 = -3*c. What is the greatest common divisor of c and 44?
22
Suppose 0*x - x + 51 = 4*i, 0 = -5*i - x + 63. Suppose -5*q + i + 13 = 0. Let b be q*1*(-3 + 7). Calculate the highest common factor of 50 and b.
10
Let k be 1*36*(-2)/(-4). Suppose 0*u - 5*n + 77 = u, 4*n = 5*u - 356. Calculate the highest common divisor of u and k.
18
Suppose 0 = -5*m + 5*b + 265, 6*b + 8 = 2*b. What is the greatest common divisor of 34 and m?
17
Suppose 5*x = 3*h + 692, -4*x + 2*h + 452 + 100 = 0. What is the highest common divisor of x and 17?
17
Suppose 2*x = x - 4*w + 47, 3*w = -3*x + 96. What is the highest common divisor of 54 and x?
27
Let m = 30 + 0. Suppose 30 = 4*s - s + 3*l, 4*s = -2*l + 50. What is the greatest common divisor of m and s?
15
Let d(w) = -4*w**3 + 3*w**2 - 4. Let y be d(-4). Suppose x = -2*x + y. Calculate the greatest common divisor of x and 20.
20
Let x(w) = -41*w + 10. Let p be x(0). Let j be 40 + -1 - (-2)/2. What is the highest common divisor of p and j?
10
Let k(p) = p**2 + p + 1. Let z be k(-4). Suppose 2*o - 3*j + 0*j - 26 = 0, 0 = -3*j. Calculate the greatest common divisor of z and o.
13
Suppose 0 = -3*a - 37 + 472. Let q be 6/5*20/6. Suppose -5*c - a = -q*n - n, -2*c = -4*n + 106. Calculate the highest common factor of 12 and n.
12
Let q(w) = 11*w + 10. Let c be q(-8). Let z = c - -134. Let y(o) = -o**2 - 7*o + 8. Let b be y(-6). What is the highest common factor of z and b?
14
Let c = -5 - -14. Let b = 187 + -106. What is the highest common factor of b and c?
9
Let o(z) = 42*z - 7. Let h be o(3). What is the highest common divisor of 17 and h?
17
Suppose -6 - 6 = -y. What is the highest common factor of y and 18?
6
Let s(h) be the first derivative of 12*h**2 - 4*h**2 - 2 + 17*h**2. Let m be s(1). Calculate the highest common factor of m and 10.
10
Let i(a) = a - 3. Let v be i(4). Let f(n) = 3*n - 1. Let u be f(v). What is the greatest common divisor of u and 18?
2
Let k be (17 - -4)*-5*(-1 - 1). What is the highest common divisor of k and 42?
42
Let c be (2 + 0)/(3/66). What is the greatest common divisor of c and 4?
4
Suppose -2*w = -25 - 17. Let q be 7/(w/6) - -5. Calculate the greatest common factor of q and 14.
7
Let u = -41 + 75. Calculate the greatest common factor of u and 51.
17
Let m = -7 + 15. What is the highest common divisor of 16 and m?
8
Let o(b) = -b + 16. Let l be o(7). Suppose -2*j + 178 = 5*s, -2*s + 105 = s + 3*j. What is the greatest common divisor of l and s?
9
Suppose 0*f - 2*f + 16 = 2*a, -5*a = -15. What is the highest common divisor of 40 and f?
5
Let g(j) = 2*j**2 + 3*j - 3. Let l be g(3). Let o = -5 - -11. Calculate the greatest common factor of o and l.
6
Suppose -j = -2*j + 6. Suppose j*z - 3*z = 45. What is the greatest common divisor of 3 and z?
3
Let o = 259 - 99. Suppose 6*s - o - 92 = 0. Calculate the highest common divisor of s and 6.
6
Suppose -r + 4*r - 615 = 0. What is the highest common factor of 41 and r?
41
Suppose -3*l = -4*x + 5*x - 202, 0 = -4*x + 4. Suppose j + 45 = 5*p - 4*p, 4*p + 100 = -3*j. Let r = l + j. Calculate the greatest common factor of 3 and r.
3
Suppose -2*m = -5*w + 3*m + 165, -4*w = 5*m - 141. What is the greatest common factor of 85 and w?
17
Let n be 763/49 + (-6)/(-14). Calculate the highest common factor of n and 2.
2
Suppose -3*u - 286 = -5*h, h = 2*u + 2*u + 64. What is the highest common divisor of 140 and h?
28
Let t be 153/(-6)*(-12)/9. Suppose -3*k + 56 + t = 0. Calculate the highest common divisor of 10 and k.
10
Suppose 4*q - 2*j - j + 29 = 0, -4*j = 4. Let b = q - -28. What is the highest common factor of 5 and b?
5
Suppose -6 = -q - q. Suppose 0 = w - 3*w - 6, 3*w + 30 = q*m. What is the highest common factor of m and 14?
7
Suppose 2*h - 6*h + 504 = 0. Let x be (-1084)/30 + 2/15. Let q = -22 - x. Calculate the highest common factor of q and h.
14
Let y(x) be the third derivative of 5*x**4/6 - 2*x**2. Let v be y(1). Calculate the highest common factor of v and 50.
10
Let s(x) = 4*x**2 + 5*x. Let b be s(-4). What is the greatest common factor of b and 110?
22
Let r = 109 + -57. Let v be (-1 - 1)*(-129)/3. Let u = v - r. What is the greatest common divisor of 85 and u?
17
Suppose -3*t = 5*s - 14 - 13, -58 = -5*t - 4*s. What is the highest common divisor of 14 and t?
14
Suppose -5*l + 0*l = -1545. Let n be l/2 - (-2)/(-4). What is the greatest common divisor of n and 22?
22
Let k(t) be the first derivative of -t**4/2 + 2*t**3/3 + 2*t**2 + 2*t - 3. Let l be k(-2). What is the highest common factor of l and 12?
6
Let d = 133 + -25. What is the greatest common divisor of d and 12?
12
Let d be -6*1/(6/(-4)). Let w be ((-64)/(-6))/(1/3). Calculate the greatest common divisor of w and d.
4
Suppose 0 = -j + 20 + 7. Let p = 12 + -3. What is the highest common factor of j and p?
9
Suppose 16 + 2 = 3*t. What is the greatest common divisor of 15 and t?
3
Let s be (-2)/6 + (-420)/(-45). What is the greatest common divisor of s and 81?
9
Let r be (-8)/16 + 213/6. Calculate the greatest common divisor of r and 7.
7
Let